uppose 10*t - 84 = 7*t - 9*t. What is a(t)?
-12
Let x = 44 + -52. Let g be 0*4/x*1. Let s(z) = 2*z - z**2 - 2*z - 12 - 3. Calculate s(g).
-15
Let l(k) = -4*k - 13. Let r(a) = -5 - 11 + 11 + 3 + 2*a. Let v(f) = l(f) + 3*r(f). Give v(9).
-1
Let i = -38 - -48. Let y(n) = 3*n - 18. Let s(m) = -3*m + 6. Let p(a) = a. Let h(v) = 4*p(v) + 2*s(v). Let f(j) = -7*h(j) - 5*y(j). Calculate f(i).
-4
Let b(s) be the second derivative of -6*s**3 + 6*s**2 + 3505*s. Give b(2).
-60
Let j(g) = -g**2 - g - 1. Let v be -1*6/21 - 1684/(-14). Suppose 5*m - v = 8*m. Let y = m + 38. Give j(y).
-3
Let q be (22 - -1) + (1 + 1)/2. Suppose 9*w + q = -12. Let v(g) = g**3 + 3*g**2 - 7*g - 13. Let x be v(w). Let k(o) = 15*o - 1. Calculate k(x).
-16
Let o(v) be the second derivative of v**7/2520 + v**5/15 - 5*v**4/2 + v**2/2 + 9*v + 3. Let s(h) be the third derivative of o(h). Calculate s(0).
8
Let b(z) = 8*z**2 + 21*z - 8. Let j(y) = 26*y**2 + 66*y - 27. Let q(g) = 16*b(g) - 5*j(g). Give q(5).
-13
Let b(w) = -3*w + 39. Let q be b(16). Let o(v) = 560*v**2 + 567*v**2 - 1119*v**2 - 10*v + v**3 + 9 + 2*v. Determine o(q).
0
Let i(y) = -7*y**3 - 39901*y**2 + 39908*y**2 + 8*y**3 + 7 + 2*y + 2*y. Calculate i(-5).
37
Let o(i) = 4*i + 1. Let f = -6 - 0. Let y(j) = 7*j + 21. Let p(s) = 9*s + 22. Let h(n) = 2*p(n) - 3*y(n). Let d be h(f). What is o(d)?
-3
Let s(n) = n**3 - 7*n**2 - n + 2. Let g = -423 - -429. Let a be (-28)/(42/(-6)) + g/2. What is s(a)?
-5
Let f = -399/10 - -601/15. Let b(x) be the third derivative of 0*x**3 + 0*x + 0 - f*x**4 - 7*x**2. What is b(4)?
-16
Let n(u) = -30106*u + 36 + 51 + 30100*u. What is n(14)?
3
Let n(x) be the third derivative of 0 + 1/12*x**4 + 159*x**2 + 0*x - 3/2*x**3. Calculate n(7).
5
Let y = -26 - -31. Suppose 3*l + 2*l = -y. Let g(t) be the first derivative of -3*t**4/2 - 34. Give g(l).
6
Let q be 1566/(-7) - 22/77. Let p = q - -220. Let u(v) = -3*v + 1. Give u(p).
13
Let v(t) = 8*t + 148. Suppose 5*l - 4*n - 161 = -271, -3*l - n = 49. Give v(l).
4
Suppose 21*u - 26 - 121 = 0. Let x(j) = 3 + 2*j - 8*j**2 - 8*j**2 - u*j**2 - j**3 + 22*j**2. Give x(-2).
3
Let v(l) = -3161*l - 106 - 3145*l + 6303*l. Calculate v(-27).
-25
Let d(n) = -13*n. Suppose -12*r + 38 = -118. Suppose 0*y = -j - 4*y - 18, -4*j + y + r = 0. Determine d(j).
-26
Suppose 192 = -3*d - 3*n + 198, -2*n - 5 = -d. Let j(l) = 11*l**2 - 34*l - 1. Give j(d).
-4
Let u(k) = -k**2 + 18*k + 7. Let t be (-13)/(-1 + 0/(-2)). Let n be u(t). Let i(d) = -n*d - 3*d**3 + 71*d - 1 + 2 + 0*d**3. Calculate i(1).
-3
Let i(j) be the second derivative of -10 - 2/3*j**3 + 5/2*j**2 - 3*j. Calculate i(6).
-19
Suppose h = i - 158, -4*h + 2*i - 617 = 3*i. Let o be (h/62)/((-2)/(-4)). Let u(b) = -b. Give u(o).
5
Let r(o) = o + 6. Let k(p) = p + 5. Let g(t) = 5*k(t) - 4*r(t). Let z be (-14)/6*-3 - -4. Suppose -h - 7 = -z. Calculate g(h).
5
Let b(s) = -s**2 + 302*s - 7423. Let l be b(27). Let y(a) be the first derivative of -l*a + 1/4*a**4 + 0*a**2 + 2 - 7/3*a**3. Calculate y(7).
-2
Let r be (32/12 + -2)/((-8)/(-36)). Let g be (-16)/(-12)*r + -4. Let a(x) = -x**3 - x + 5. Determine a(g).
5
Let d(o) be the third derivative of -o**6/120 + 13*o**5/60 - 3*o**4/8 + 8*o**3/3 - 1182*o**2. Determine d(12).
52
Let t be 362/(-5) - (51/(-15) - -3). Let v = 63 + t. Let m(k) = -k**3 - 9*k**2 - 6. Determine m(v).
-6
Let l(z) = z**2 + 282*z - 2332. Let c be l(8). Let a(m) = 3*m + 12. What is a(c)?
-24
Let d be 72/(-90)*(1 + (-4 - 2)). Let j(k) = k - 27. What is j(d)?
-23
Let j(s) be the second derivative of s**5/120 - 11*s**3/6 + 48*s. Let g(c) be the second derivative of j(c). Give g(3).
3
Let s(w) be the first derivative of -w**4/24 - 2*w**3 + 65*w**2/2 + 28. Let l(a) be the second derivative of s(a). What is l(-10)?
-2
Suppose -7 + 31 = 12*a - 12. Let t(z) = -9*z + 1. Give t(a).
-26
Suppose 1 = 2*t - l - 4, -l - 3 = -t. Suppose -3*r + 5*m = t*m - 12, 14 = 5*r - 2*m. Let x(z) = -6*z**2 + 2*z. Give x(r).
-20
Let d be (1 - (12 + -23)) + -15. Let s(h) be the first derivative of -h**3/3 + 2*h**2 + 2*h + 3. Determine s(d).
-19
Let n(i) be the second derivative of -i**3/6 + 11*i**2/2 - 4*i. Suppose 4 - 19 = -5*x. Suppose 30 = 3*c + h, 2*c - 17 = -x*h - 4. Calculate n(c).
0
Let c(m) be the second derivative of 1/2*m**4 + 5/3*m**3 - 13*m + 0 + 5/2*m**2. Let a(j) = -7*j**2 - 11*j - 6. Let y(g) = 5*a(g) + 6*c(g). Give y(-4).
-4
Let d(s) = 21*s - 188. Let u be d(30). Suppose u*i = 444*i + 16. Let k(f) = -9 + 2*f**2 + 2*f + f**3 - 8*f + 5*f**2. Calculate k(i).
-25
Let g(o) = 2*o + 59792 - 3*o + 3*o - 4*o - 59828. Calculate g(-4).
-28
Let h(l) = 5*l**3 + 3*l**2 + 15*l - 20. Let b(m) = -m**3 - m**2 - 4*m + 5. Let w(a) = 9*b(a) + 2*h(a). Let k = -62 + 351. Let d = k - 285. Calculate w(d).
-3
Let x(a) = a**3 + 24*a**2 + 21*a - 10. Let s = 6231 + -6254. Determine x(s).
36
Suppose -21 = -3*v - g - g, -28 = -4*v - 2*g. Let f = 242 - 239. Let s(r) = -4 - 7*r**3 + 5*r**3 + 3*r**f + v*r + 8*r**2. Calculate s(-7).
-4
Suppose -73 = 36*u + 143. Let g(w) = -3 - 5 + w + 4. What is g(u)?
-10
Let g(t) = -17*t - 18. Let v(x) = -6*x - 6. Let s(d) = -4*g(d) + 11*v(d). Let p be 6/(-10)*(70/7 - 0/5). Determine s(p).
-6
Let a(f) = -f**3 - 6*f + 0 - 6*f**2 + 1 - 5. Let l be -3 - (1*(-2 + -3) - 2). Suppose i - 5*p = -i + 15, 4*p = l*i. What is a(i)?
1
Let f = -1178 + 1169. Let g(m) = -13*m + 8. Let i(z) = 3*z - 2. Let c(x) = f*i(x) - 2*g(x). Suppose 15 = -w - 2*w. What is c(w)?
7
Let p(l) = 32*l**3 - 48*l**3 + 6*l**2 - 7*l**2 + 26988 + 6*l - 49*l**3 - 26982. Calculate p(-1).
64
Let w(v) = -v**3 + 19*v**2 - 10*v - 22. Let i(l) = l**3 - 20*l**2 + 8*l + 26. Let y(p) = -4*i(p) - 3*w(p). Give y(23).
-84
Let y = 613/386 - 210/193. Let o(z) be the second derivative of 0*z**3 + 0 + 1/12*z**4 - y*z**2 - 1/20*z**5 - 3*z. Calculate o(2).
-5
Suppose 48*f - 105 = 27*f. Suppose 4*m + 20 = 0, -f*g - 5*m - 64 = -24. Let z(k) = -k**3 - 2*k**2 + k - 6. Determine z(g).
0
Let j = -19 + 28. Let t(s) be the third derivative of 0*s - 1/2*s**3 + 1/24*s**4 + 1/120*s**6 - 27*s**2 + 0 - 3/20*s**5. Determine t(j).
6
Suppose 8*b = 6*b + 2. Let z be (-3 - -1) + b + -2. Let k(l) = l + 5. Calculate k(z).
2
Let y(r) = -r**3 + 3*r**2 - r - 1. Let b be y(3). Let p(l) be the third derivative of -l**5/30 - l**4/12 + l**3/6 - 64*l**2 - l. Calculate p(b).
-23
Let j(z) = -9*z - 158. Let x(s) = 147*s + 2556. Let y(t) = -33*j(t) - 2*x(t). What is y(-30)?
12
Suppose 3*r - 2*a - 247 = -235, 5*r - a = 13. Let q(b) be the second derivative of b + 0 + 1/2*b**2 + 1/2*b**3. What is q(r)?
7
Let w(v) = -1. Let k(n) be the first derivative of n**2 - 12*n - 41. Let q(m) = -k(m) + 2*w(m). Give q(5).
0
Let i be 2/((-3)/((-99)/2)). Let v = i - 35. Let q(g) = g**2. Let a(l) = 2*l**3 - l**2 - 2*l - 2. Let b(h) = a(h) + 3*q(h). Give b(v).
-6
Let h(l) = 2*l + 3. Let w be -9 + 0 - (140/(-4))/(-7). Let x(r) = -2*r**2 + 7*r**2 + 0*r**3 + 13*r + 10*r**2 + r**3 - 10. Let o be x(w). Determine h(o).
11
Let r(f) = -3*f + 7. Let a be r(-18). Let t = -56 + a. Suppose t*m - 3*m = -12. Let b(x) = x**2 + 8*x + 2. What is b(m)?
-10
Let d(z) be the first derivative of -z**4/4 - 2*z**3 + 27*z - 708. Determine d(-6).
27
Let d be (-152)/10*2625/(-30). Let p(l) = 0*l**2 + 1338*l - 9 - l**2 - d*l. Calculate p(8).
-9
Let a(i) be the second derivative of -5*i**2 - 3*i + 0 + 1/6*i**5 + 0*i**3 + 1/24*i**4. Let g(x) be the first derivative of a(x). What is g(-1)?
9
Let j = 1105 + -1123. Let v(a) = a + 7. Determine v(j).
-11
Let c = 5 + -3. Let i(p) = 46*p - 11 - p**c - 39*p + 5. Suppose 2*o - y - 11 = -0*o, -20 = -3*o + 5*y. Calculate i(o).
4
Suppose -2*f + 2*m = 22, 17 = 3*f - m + 40. Let j(r) = -7*r - 23. Let t(g) = 3*g + 12. Let y(n) = -3*j(n) - 5*t(n). Determine y(f).
-27
Suppose 4*j - 22 = -5*s, 22 - 30 = -3*s - 5*j. Let h(q) = -6 - 7 + s + 10 + 4*q. Give h(1).
7
Let h(j) = j**3 - 7*j**2 + 11. Let m(p) be the first derivative of -p**4/4 - 3*p**3 - 5*p**2 - 9*p - 157. Let l be m(-8). Calculate h(l).
11
Let m(z) = 5*z**3 + 4980*z**2 - 54*z + 40 - 5010*z**2 - 6*z**3. Determine m(-28).
-16
Let q be 40/70 + (-13)/(364/(-96)). Let r(z) = 9*z**2 + 11*z + 16. Let g(l) = 20*l**2 + 22*l + 34. Let p(v) = q*g(v) - 9*r(v). Determine p(-11).
-8
Let l(t) be the second derivative of 1/3*t**3 + t**2 - 1/20*t**5 - 1/12*t**4 + 21*t + 1. Give l(3).
-28
Le